15142?
1
What is the hundreds digit of 1748?
7
What is the ten thousands digit of 71396?
7
What is the tens digit of 2211?
1
What is the hundreds digit of 13102?
1
What is the thousands digit of 1379?
1
What is the thousands digit of 12292?
2
What is the thousands digit of 22830?
2
What is the units digit of 1591?
1
What is the tens digit of 9239?
3
What is the hundreds digit of 47264?
2
What is the thousands digit of 9829?
9
What is the ten thousands digit of 20204?
2
What is the units digit of 373?
3
What is the units digit of 11664?
4
What is the tens digit of 767?
6
What is the ten thousands digit of 10145?
1
What is the thousands digit of 11567?
1
What is the units digit of 1700?
0
What is the tens digit of 1758?
5
What is the hundreds digit of 379?
3
What is the hundred thousands digit of 112817?
1
What is the tens digit of 13393?
9
What is the tens digit of 23669?
6
What is the hundreds digit of 257?
2
What is the hundreds digit of 160?
1
What is the thousands digit of 11079?
1
What is the tens digit of 3404?
0
What is the tens digit of 53541?
4
What is the tens digit of 49292?
9
What is the hundreds digit of 820?
8
What is the thousands digit of 8886?
8
What is the hundreds digit of 4992?
9
What is the tens digit of 10245?
4
What is the tens digit of 251?
5
What is the hundreds digit of 3946?
9
What is the hundreds digit of 14118?
1
What is the hundreds digit of 1647?
6
What is the tens digit of 18801?
0
What is the tens digit of 13023?
2
What is the hundreds digit of 7361?
3
What is the tens digit of 728?
2
What is the thousands digit of 1207?
1
What is the units digit of 2082?
2
What is the thousands digit of 89988?
9
What is the ten thousands digit of 19634?
1
What is the tens digit of 2130?
3
What is the ten thousands digit of 19572?
1
What is the units digit of 2008?
8
What is the hundreds digit of 1779?
7
What is the units digit of 721?
1
What is the tens digit of 295?
9
What is the hundreds digit of 1964?
9
What is the hundreds digit of 11613?
6
What is the thousands digit of 72168?
2
What is the thousands digit of 7841?
7
What is the tens digit of 5507?
0
What is the tens digit of 91037?
3
What is the tens digit of 9057?
5
What is the thousands digit of 4880?
4
What is the units digit of 9616?
6
What is the units digit of 23531?
1
What is the thousands digit of 3959?
3
What is the units digit of 722?
2
What is the ten thousands digit of 16798?
1
What is the tens digit of 33453?
5
What is the thousands digit of 8360?
8
What is the units digit of 163?
3
What is the ten thousands digit of 40226?
4
What is the hundreds digit of 31050?
0
What is the tens digit of 518?
1
What is the ten thousands digit of 20826?
2
What is the units digit of 2015?
5
What is the tens digit of 11923?
2
What is the hundreds digit of 1964?
9
What is the hundreds digit of 1807?
8
What is the tens digit of 49804?
0
What is the thousands digit of 3393?
3
What is the tens digit of 829?
2
What is the hundreds digit of 4604?
6
What is the units digit of 831?
1
What is the units digit of 463?
3
What is the hundreds digit of 934?
9
What is the ten thousands digit of 46441?
4
What is the tens digit of 1406?
0
What is the ten thousands digit of 66273?
6
What is the tens digit of 1506?
0
What is the units digit of 3072?
2
What is the tens digit of 61945?
4
What is the hundreds digit of 48159?
1
What is the hundreds digit of 1620?
6
What is the tens digit of 4465?
6
What is the units digit of 896?
6
What is the hundreds digit of 14312?
3
What is the tens digit of 92391?
9
What is the tens digit of 314?
1
What is the hundreds digit of 5547?
5
What is the thousands digit of 113280?
3
What is the hundreds digit of 4102?
1
What is the thousands digit of 129192?
9
What is the thousands digit of 120879?
0
What is the units digit of 20?
0
What is the ten thousands digit of 17448?
1
What is the tens digit of 9862?
6
What is the tens digit of 585?
8
What is the thousands digit of 1345?
1
What is the units digit of 706?
6
What is the hundreds digit of 16215?
2
What is the hundreds digit of 10557?
5
What is the hundreds digit of 2925?
9
What is the hundreds digit of 161?
1
What is the thousands digit of 3587?
3
What is the units digit of 7894?
4
What is the units digit of 1590?
0
What is the thousands digit of 1733?
1
What is the units digit of 231?
1
What is the tens digit of 109837?
3
What is the units digit of 604?
4
What is the units digit of 316?
6
What is the ten thousands digit of 13482?
1
What is the units digit of 81458?
8
What is the hundreds digit of 2528?
5
What is the tens digit of 5603?
0
What is the ten thousands digit of 14125?
1
What is the units digit of 25929?
9
What is the hundreds digit of 19666?
6
What is the units digit of 290?
0
What is the units digit of 379?
9
What is the ten thousands digit of 52343?
5
What is the thousands digit of 10163?
0
What is the units digit of 13068?
8
What is the hundreds digit of 183?
1
What is the thousands digit of 54339?
4
What is the hundreds digit of 2543?
5
What is the thousands digit of 9623?
9
What is the units digit of 65929?
9
What is the units digit of 1066?
6
What is the hundreds digit of 23952?
9
What is the hundreds digit of 1178?
1
What is the hundreds digit of 104209?
2
What is the tens digit of 35268?
6
What is the units digit of 1081?
1
What is the tens digit of 1829?
2
What is the hundreds digit of 309?
3
What is the ten thousands digit of 90429?
9
What is the tens digit of 38656?
5
What is the tens digit of 1743?
4
What is the ten thousands digit of 87520?
8
What is the tens digit of 5949?
4
What is the tens digit of 1144?
4
What is the units digit of 1781?
1
What is the ten thousands digit of 16737?
1
What is the units digit of 55684?
4
What is the tens digit of 4101?
0
What is the hundreds digit of 2061?
0
What is the units digit of 349?
9
What is the tens digit of 1494?
9
What is the thousands digit of 1740?
1
What is the units digit of 9131?
1
What is the ten thousands digit of 82459?
8
What is the hundreds digit of 1928?
9
What is the units digit of 2255?
5
What is the hundreds digit of 199?
1
What is the units digit of 4524?
4
What is the hundred thousands digit of 149511?
1
What is the hundreds digit of 19255?
2
What is the tens digit of 44381?
8
What is the units digit of 35009?
9
What is the ten thousands digit of 24991?
2
What is the hundreds digit of 10729?
7
What is the units digit of 259?
9
What is the tens digit of 1287?
8
What is the tens digit of 3882?
8
What is the units digit of 18343?
3
What is the hundreds digit of 12509?
5
What is the tens digit of 2125?
2
What is the hundreds digit of 6319?
3
What is the units digit of 954?
4
What is the hundreds digit of 35596?
5
What is the units digit of 5323?
3
What is the thousands digit of 54730?
4
What is the hundreds digit of 106?
1
What is the thousands digit of 90025?
0
What is the tens digit of 4159?
5
What is the ten thousands digit of 21027?
2
What is the tens digit of 31970?
7
What is the thousands digit of 2698?
2
What is the hundreds digit of 78525?
5
What is the ten thousands digit of 82717?
8
What is the ten thousands digit of 32009?
3
What is the units digit of 10177?
7
What is the units digit of 507?
7
What is the tens digit of 577?
7
What is the tens digit of 830?
3
What is the units digit of 6109?
9
What is the thousands digit of 1672?
1
What is the units digit of 9760?
0
What is the hundreds digit of 25186?
1
What is the tens digit of 14632?
3
What is the tens digit of 4835?
3
What is the ten thousands digit of 13655?
1
What is the hundreds digit of 2898?
8
What is the ten thousands digit of 25723?
2
What is the ten thousands digit of 51263?
5
What is the units digit of 1346?
6
What is the units digit of 3363?
3
What is the tens digit of 4236?
3
What is the hundreds digit of 692?
6
What is the tens digit of 92?
9
What is the tens digit of 1662?
6
What is the hundreds digit of 64867?
8
What is the hundreds digit of 9986?
9
What is the thousands digit of 19090?
9
What is the ten thousands digit of 10411?
1
What is the thousands digit of 5993?
5
What is the hundreds digit of 572?
5
What is the ten thousands digit of 74388?
7
What is the tens digit of 2140?
4
What is the ten thousands digit of 37763?
3
What is the units digit 